 -5*k. Let z = f + 106. What is the remainder when 5 is divided by z?
0
Suppose -64*b + 8 = -68*b. Calculate the remainder when (15 + -17)*((-28)/(-2))/b is divided by (-1)/(-5) - (-117)/15.
6
Let p = -3518 - -3698. What is the remainder when 525 is divided by p?
165
Suppose 8*f - 165 = 1707. Suppose -54*q + 15*q + f = 0. Let o(a) = a**2 + 3*a - 7. What is the remainder when o(-6) is divided by q?
5
Let r(f) = -2218*f - 42061. What is the remainder when r(-19) is divided by 5/3*-1*-18?
21
Suppose -4*w + 0*w + 220 = 4*z, 5*z = -w + 71. Let j = 7628 - 7376. Calculate the remainder when j is divided by w.
48
Let c = -70 + 67. Suppose -s - 291 = -4*v, 5*s + 9 + 6 = 0. Calculate the remainder when v is divided by -2 + (-66*1)/c.
12
Calculate the remainder when 5*-16*2/(-4) - -5 is divided by (-5 - (-376)/72) + (-338)/(-18).
7
Let d be (-17)/(-9) + 2/18. Let b be 96/(-16)*(-2)/3. Suppose -b*w - 2*v = 66 - 326, d*w - 136 = -4*v. Calculate the remainder when w is divided by 23.
18
Let l(z) = 19*z - 30*z + 5*z**2 - 8 + 15*z. Let w be l(4). What is the remainder when w - 2/(-2)*-2 is divided by 22?
20
Suppose -2*f + 40 = -48. Suppose -5*r + c = -2*r - 510, -2*c + 501 = 3*r. Calculate the remainder when r is divided by f.
37
Let w(g) = -3*g**2 - 4*g + 14. Let o be w(-3). Calculate the remainder when 323 is divided by 35 - 1/(5/5*o).
35
Suppose f + 4*r = -19 - 264, 0 = 4*f + 3*r + 1171. Let a = f - -343. What is the remainder when 383 is divided by a?
47
Let d be 197/(-5) + (-5)/(-50)*4. Let h = d - -41. Let v = -9 - -13. Calculate the remainder when v is divided by h.
0
Let t = 48916 + -48888. Suppose 4*h - 2*h - 426 = 0. Suppose -3*i - 896 = -4*l - 5*i, -5*i = -l + h. Calculate the remainder when l is divided by t.
27
Suppose 0 = 3*y + 5*u + 2038, -4*u + 1367 = -2*y + u. Let j = y + 701. What is the remainder when 74 is divided by j?
14
Suppose 0 = 34*z - 654 - 3311 - 2767. What is the remainder when 1744 is divided by z?
160
Suppose -43*m + 39*m = -1612. Let h(z) = z**3 - 8*z**2 + 30*z. What is the remainder when m is divided by h(3)?
43
Suppose -8 = -3*h + 5*v, 0 = h + 4*v - v - 12. Let x = h - -9. Let q = -211 + 281. Calculate the remainder when q is divided by x.
10
Let q = -9048 + 9184. What is the remainder when q is divided by 65?
6
Let j be 8/3*(-3 + (-3 - -9)). Calculate the remainder when 149 is divided by (-16)/(-64) - (-118)/j.
14
Suppose 0 = 2*r + 4, 3*s = -0*s - 4*r + 124. Suppose 2*k + 3 = 3*k. Suppose -4*u + 2*v = -66, -u + v - k = -21. What is the remainder when s is divided by u?
14
Let d(z) = -z**2 - 51*z - 60. Let v be d(-35). What is the remainder when 37644/51 - (v/(-85) + 6) is divided by 74?
72
Let x = -342 + 700. Suppose -78 = 14*y - x. What is the remainder when 517 is divided by y?
17
Let i(p) be the first derivative of -3*p**2/2 + 39*p - 11. Let j be i(9). Suppose j*v - 139 - 473 = 0. Calculate the remainder when v is divided by 26.
25
Suppose -3*s + 34 = -149. Suppose 40*v = 531 + 309. What is the remainder when s is divided by v?
19
Let t(y) = 6*y + 154. Let x be t(-22). Suppose 8*l - x*l + 2212 = 0. What is the remainder when l is divided by 20?
18
Let g be 4/2*4*(-15)/(-24). Let u(i) = 14*i**2 + 18*i + 9. What is the remainder when u(g) is divided by 18?
17
Let l = -818 - -2917. What is the remainder when l is divided by 54?
47
Calculate the remainder when 271 is divided by 1696/50 + 1 + 284/3550.
26
Suppose -9 + 48 = 5*t - q, 3*t = 5*q + 41. Suppose 189 = 7*z + 2*y, -2*z + 71 = -5*y + 17. What is the remainder when z is divided by t?
6
Suppose -156667 + 30208 = -458*w + 183149. Calculate the remainder when w is divided by 67.
6
Suppose 5*i + 20*f = 19*f + 1772, i + 2*f = 358. What is the remainder when i is divided by 64?
34
Let w = -318 + 128. Let f be ((-6)/10)/(57/w). What is the remainder when 120 is divided by (72/(-16) + 2)/(f/(-20))?
20
Suppose 21*b = -7*b + 1764. Calculate the remainder when (2799/(-6))/(21/(-6) - -2) is divided by b.
59
Let t(j) = -j**3 + 3*j**2 + 17*j - 5. Let f(v) = 9*v - 70. What is the remainder when t(5) is divided by f(9)?
8
Let z be 1888/354 - (-1)/6*-2. Suppose -k - 339 = -4*g, -3*g + z*k - 2*k + 252 = 0. What is the remainder when 421 is divided by g?
81
Let t(y) = -1155*y + 1. What is the remainder when 224 is divided by t(0)?
0
Let g(m) = 5*m - 13. Let h be g(3). Let f be (6 - 12)/(0 - h/18). Let n = -46 + f. What is the remainder when 21 is divided by n?
5
Suppose -234 = 74*u - 87*u. Suppose -u*j = -0*j - 990. What is the remainder when 104 is divided by j?
49
Suppose 410 - 4381 = -11*f. Let q = -353 + f. Let j = -11 - -16. What is the remainder when q is divided by j?
3
Suppose -5*l + 4*g = -71, 7 = -4*l - g + 47. Suppose 0 = -14*c + l + 409. Calculate the remainder when 59 is divided by c.
29
Suppose 4*z = 0, -2*d - 2*z + 130 = -0*d. Let h be (-11)/3 - (-48)/(-36). Calculate the remainder when d is divided by (-3)/(h/((-550)/(-15))).
21
Let g(b) = -563*b - 9464. What is the remainder when g(-18) is divided by 315?
40
Let x(s) = -s**3 + 4*s**2 + 24*s + 13. Let a be x(-7). Let c = a - 202. Suppose 2*d = 4*k + c, 0*k + 3*k = -15. What is the remainder when d is divided by 17?
13
Suppose -4*q = -7*q - 6*q. Suppose n + 4*m - 87 = q, -2*n + 150 = -m - 15. Calculate the remainder when n is divided by 5.
3
Suppose 0 = -34*x + 46*x - 15372. What is the remainder when x is divided by 35?
21
Suppose 2*g - 9 = 5*b, g + 5 = 4*g + b. Calculate the remainder when 38 is divided by g/6 + (-354)/(-90)*5.
18
Suppose -3*b - 16 = -c, 5*b + 7 = -c - 25. Let f be (b*(4 - 3))/2. What is the remainder when 23 is divided by 4/(-4) - (-14 - f)?
3
Let f(v) = 148*v + 1506. Calculate the remainder when f(-9) is divided by 4.
2
Suppose -244*j + 1659 = -226 - 1043. Calculate the remainder when 479 is divided by j.
11
Let z = 57 - 57. Suppose -2*t - t + 9 = z. Suppose t = -8*f + 19. Calculate the remainder when f is divided by 2.
0
Suppose -35*z + 12816 = -70*z + 41*z. What is the remainder when z is divided by 17?
11
Suppose 236*c - 3476 + 3697 - 8481 = 0. Suppose 11*t - 6*t - 130 = 0. Calculate the remainder when c is divided by t.
9
Let t = -2 - -2. Let d = 5 - t. What is the remainder when d is divided by (-15 - -9)/((180/8)/(-15))?
1
Let k = 746 + -578. Calculate the remainder when ((k/70)/(4/510))/2 is divided by 7.
6
Suppose -25*g = -2*g + 3*g - 41938. What is the remainder when g is divided by 8?
5
Suppose 44 = 3*w + t, 2*t - 30 = -3*w + 16. Let g(v) = 3*v**3 + 3*v**2 - 4*v + 5. Let i be g(-4). Let f = i + 206. What is the remainder when f is divided by w?
13
Let n = -14 - -7. Let r = -4 - n. What is the remainder when r is divided by 2/(-6)*(-19)/(285/45)?
0
Suppose 798 = b - 5*c + 163, -25 = 5*c. What is the remainder when b is divided by 66?
16
Suppose -415 = 2*z - 2*n - 2163, 0 = 5*z + n - 4370. Calculate the remainder when z is divided by 44.
38
Suppose -4*a = 4*n - 344, 2*a + 4*n - 80 = a. Suppose 2*v + 12 = 230. Suppose 0 = 5*u - v - 41. What is the remainder when a is divided by u?
28
Let b(s) = -s**2 + 10*s + 26. Let p be b(12). Suppose -4*a + 52 = -p*a. Calculate the remainder when 29 is divided by 152/a + (-13)/(845/(-10)).
5
Let t(c) = -c**3 + 19*c**2 + 32*c - 220. Let q = 20 + -12. What is the remainder when t(20) is divided by q?
4
Let b(z) = 2*z + 8. Let a be b(0). Suppose a*q = 11*q - 24. Suppose -p = q*p - 144. Calculate the remainder when p is divided by 8.
0
Let b = 1074 + -1047. What is the remainder when 227 is divided by b?
11
Suppose 4*d + 46 = 6*d. Suppose -7*r - d = -93. Let b = 49 + 18. Calculate the remainder when b is divided by r.
7
Let m be ((-39)/(-26))/(1/(-30)). Let n = m + 75. Let h = 460 - 456. What is the remainder when n is divided by h?
2
Calculate the remainder when 765 is divided by 6/(-72) - (-4103)/132.
21
Suppose -5*l + l = -160. Calculate the remainder when ((-6)/(-3)*-1 + -2)*(-2303)/49 is divided by l.
28
Suppose 2*y + 3*w + 116 = 7*y, -2*y = 5*w - 34. Let q = -34 - -38. Suppose 0 = -q*i - i + 40. What is the remainder when y is divided by i?
6
Let g = 157 - 113. Let m(d) = d**2 - 8*d + 2. Let p be m(6). Let j = g + p. Calculate the remainder when 98 is divided by j.
30
Calculate the remainder when (278/42*(-210)/(-7))/(40/280) is divided by 156.
142
Let i